 3
-1010
-1 (base 14) to base 12
-1
Convert -15 (base 6) to base 11.
-10
-24 (base 10) to base 7
-33
What is 7 (base 14) in base 11?
7
Convert -230 (base 5) to base 14.
-49
What is 0 (base 8) in base 9?
0
Convert -302 (base 10) to base 3.
-102012
What is -6 (base 9) in base 12?
-6
4 (base 14) to base 12
4
What is 70 (base 8) in base 5?
211
Convert -3 (base 13) to base 2.
-11
What is -40 (base 6) in base 8?
-30
-1110 (base 2) to base 15
-e
Convert -45 (base 7) to base 9.
-36
What is 3 (base 5) in base 16?
3
-3 (base 14) to base 11
-3
Convert -1020 (base 4) to base 10.
-72
-19 (base 14) to base 11
-21
Convert -163 (base 14) to base 9.
-344
4 (base 10) to base 15
4
What is -3 (base 7) in base 6?
-3
What is 1 (base 2) in base 8?
1
Convert -10 (base 7) to base 16.
-7
What is -94 (base 11) in base 2?
-1100111
Convert 21220 (base 3) to base 12.
159
-11 (base 2) to base 5
-3
What is 65 (base 13) in base 4?
1103
Convert 20 (base 3) to base 15.
6
-8 (base 12) to base 16
-8
Convert 122 (base 4) to base 15.
1b
5 (base 15) to base 6
5
Convert -95 (base 16) to base 10.
-149
What is -19 (base 14) in base 3?
-212
What is 5 (base 12) in base 3?
12
Convert 6 (base 15) to base 11.
6
13 (base 8) to base 9
12
Convert -11 (base 4) to base 9.
-5
-2 (base 3) to base 10
-2
Convert -2 (base 8) to base 5.
-2
Convert -12 (base 11) to base 9.
-14
-11021 (base 3) to base 13
-8b
Convert -6 (base 16) to base 6.
-10
What is -1 (base 12) in base 2?
-1
Convert a5 (base 11) to base 8.
163
Convert 110000 (base 2) to base 7.
66
-6 (base 14) to base 13
-6
-ef (base 16) to base 6
-1035
Convert 3 (base 15) to base 6.
3
What is -31 (base 12) in base 6?
-101
-125 (base 8) to base 3
-10011
What is -15 (base 13) in base 16?
-12
What is 2 (base 5) in base 15?
2
What is -11 (base 4) in base 11?
-5
What is -8 (base 13) in base 9?
-8
What is 21 (base 6) in base 11?
12
Convert -41 (base 15) to base 14.
-45
Convert 1c (base 16) to base 15.
1d
-3 (base 7) to base 5
-3
Convert -1bd (base 16) to base 2.
-110111101
3 (base 8) to base 4
3
Convert -6 (base 7) to base 15.
-6
Convert 1 (base 9) to base 16.
1
Convert -21 (base 10) to base 4.
-111
What is -7 (base 10) in base 4?
-13
What is 137 (base 8) in base 6?
235
What is 60 (base 11) in base 3?
2110
Convert -3b (base 13) to base 2.
-110010
What is -1 (base 7) in base 9?
-1
2 (base 11) to base 2
10
Convert 33 (base 8) to base 4.
123
What is -17 (base 15) in base 4?
-112
Convert -7 (base 10) to base 13.
-7
Convert 10 (base 4) to base 13.
4
What is 14 (base 8) in base 7?
15
-2 (base 12) to base 14
-2
What is 76 (base 11) in base 10?
83
What is 30 (base 4) in base 8?
14
Convert -3 (base 9) to base 4.
-3
Convert -a (base 11) to base 16.
-a
What is -59 (base 10) in base 11?
-54
What is 111 (base 4) in base 5?
41
What is -212 (base 10) in base 3?
-21212
Convert 7 (base 15) to base 16.
7
What is 33 (base 13) in base 10?
42
Convert c (base 15) to base 8.
14
What is 4 (base 16) in base 9?
4
Convert d (base 15) to base 9.
14
16 (base 14) to base 15
15
-3 (base 15) to base 10
-3
What is -30 (base 12) in base 7?
-51
Convert -8 (base 16) to base 13.
-8
What is 0 (base 5) in base 8?
0
-3 (base 10) to base 12
-3
What is 20 (base 8) in base 12?
14
Convert -108 (base 12) to base 16.
-98
Convert 1230 (base 4) to base 7.
213
Convert -11 (base 6) to base 9.
-7
50 (base 6) to base 15
20
Convert -1021 (base 4) to base 8.
-111
174 (base 12) to base 3
22121
18 (base 10) to base 8
22
Convert -20 (base 3) to base 6.
-10
What is 10 (base 7) in base 6?
11
3 (base 10) to base 13
3
-6 (base 11) to base 7
-6
-21 (base 13) to base 10
-27
Convert 1 (base 8) to base 11.
1
Convert -23 (base 8) to base 12.
-17
Convert 1111 (base 3) to base 10.
40
Convert -2 (base 13) to base 7.
-2
What is 2 (base 13) in base 9?
2
What is 9 (base 14) in base 16?
9
Convert 11010 (base 2) to base 12.
22
-43 (base 9) to base 16
-27
Convert 1011001 (base 2) to base 14.
65
Convert 3 (base 7) to base 13.
3
Convert -3 (base 4) to base 13.
-3
What is -2233 (base 4) in base 13?
-106
What is 11 (base 5) in base 16?
6
-4 (base 7) to base 15
-4
Convert -9 (base 12) to base 15.
-9
Convert -1 (base 9) to base 8.
-1
What is 1430 (base 6) in base 16?
17a
-7 (base 13) to base 4
-13
What is -111 (base 2) in base 16?
-7
Convert 217 (base 9) to base 11.
152
14 (base 11) to base 16
f
What is 17 (base 15) in base 3?
211
Convert -4 (base 13) to base 7.
-4
-1 (base 5) to base 11
-1
Convert 2 (base 12) to base 11.
2
1011 (base 2) to base 13
b
10 (base 3) to base 6
3
What is 2321 (base 4) in base 3?
20212
What is 11011 (base 2) in base 9?
30
6 (base 12) to base 4
12
22 (base 13) to base 16
1c
-3 (base 10) to base 7
-3
10 (base 10) to base 9
11
-70 (base 12) to base 5
-314
-41 (base 7) to base 9
-32
Convert -2 (base 16) to base 2.
-10
What is 18 (base 14) in base 12?
1a
What is -13 (base 6) in base 15?
-9
2 (base 6) to base 16
2
Convert 11 (base 2) to base 15.
3
-39 (base 11) to base 14
-30
-6 (base 10) to base 12
-6
-3 (base 7) to base 16
-3
Convert 2111 (base 3) to base 11.
61
What is -1 (base 3) in base 15?
-1
1 (base 6) to base 13
1
1 (base 11) to base 12
1
Convert -1100110 (base 2) to base 8.
-146
-4 (base 14) to base 13
-4
Convert -36 (base 15) to base 4.
-303
-1145 (base 6) to base 13
-188
What is 0 (base 9) in base 14?
0
10 (base 7) to base 6
11
8 (base 11) to base 5
13
2 (base 13) to base 2
10
Convert -5 (base 6) to base 8.
-5
What is -2 (base 10) in base 15?
-2
3 (base 16) to base 4
3
-24 (base 14) to base 16
-20
Convert 20 (base 6) to base 14.
c
Convert 0 (base 12) to base 3.
0
What is 33 (base 14) in base 3?
1200
Convert -6 (base 11) to base 7.
-6
Convert 1 (base 6) to base 10.
1
What is 11 (base 7) in base 10?
8
What is -3 (base 14) in base 10?
-3
What is -4b (base 12) in base 14?
-43
21 (base 3) to base 12
7
Convert 30 (base 6) to base 9.
20
What is -1 (base 6) in base 10?
-1
What is 6 (base 11) in base 13?
6
Convert 0 (base 15) to base 8.
0
What is -9a (base 12) in base 7?
-226
11 (base 3) to base 2
100
Convert 32 (base 9) to base 3.
1002
What is 1 (base 13) in base 11?
1
Convert -4 (base 6) to base 15.
-4
What is 6 (base 11) in base 15?
6
Convert -3 (base 10) to base 11.
-3
Convert -10 (base 2) to base 15.
-2
-10101 (base 2) to base 12
-19
2 (base 3) to base 16
2
What is 4 (base 16) in base 10?
4
-5 (base 6) to base 11
-5
Convert 1324 (base 5) to base 9.
257
3 (base 8) to base 14
3
16 (base 7) to base 15
d
155 (base 7) to base 16
59
-100 (base 5) to base 15
-1a
What is 20 (base 16) in base 11?
2a
Convert 0 (base 15) to base 8.
0
Convert 29 (base 10) to base 7.
41
Convert 1 (base 7) to base 14.
1
2 (base 6) to base 5
2
What is 14 (base 7) in base 11?
10
What is e (base 16) in base 10?
14
What is -42 (base 5) in base 11?
-20
20 (base 5) to base 7
13
What is -1 (base 6) in base 11?
-1
-257 (base 8) to base 10
-175
What is 12 (base 8) in base 6?
14
Convert -26 (base 12) to base 7.
-42
64 (base 10) to base 16
40
What is -18 (base 9) in base 13?
-14
What is -70 (base 11) in base 13?
-5c
13 (base 12) to base 3
120
-1112 (base 3) to base 10
-41
What is 8 (base 15) in base 6?
12
What is 4 (base 9) in base 4?
10
What is 303 (base 5) in base 13?
60
What is 9 (base 12) in base 15?
9
Convert 1 (base 6) to base 5.
1
-328 (base 11) to base 7
-1101
Convert -124 (base 6) to base 5.
-202
Convert -24 (base 15) to base 2.
-100010
-3 (base 14) to base 6
-3
What is -123 (base 10) in base 5?
-443
Convert -a1 (base 16) to base 3.
-12222
Convert 59 (base 11) to base 6.
144
Convert 102 (base 3) to base 2.
1011
What is 58 (base 16) in base 4?
1120
22 (base 3) to base 5
13
-110200 (base 3) to base 4
-11112
49 (base 11) to base 7
104
Convert -24 (base 14) to base 4.
-200
What is 19 (base 15) in base 16?
18
Convert 10 (base 8) to base 2.
1000
-50 (base 11) to base 2
-110111
Convert 1 (base 16) to base 12.
1
What is -5a (base 15) in base 11?
-78
Convert 146 (base 14) to base 6.
1110
What is -99 (base 13) in base 3?
-11200
What is -3 (base 13) in base 10?
-3
Convert -1111011 (base 2) to base 15.
-83
What is -1 (base 13) in base 11?
-1
-2 (base 3) to base 16
-2
What is 7 (base 10) in base 3?
21
What is -a4 (base 16) in base 15?
-ae
What is -1 (base 16) in base 14?
-1
0 (base 3) to base 12
0
5 (base 7) to base 8
5
3 (base 8) to base 16
3
Wha